= -3*c - z. What is the greatest common divisor of 6 and c?
2
Suppose z - 2443 = -2*y + 6189, 3*y - 12951 = -3*z. What is the highest common divisor of y and 10?
5
Let s be (0 - 7) + (19631/(-134))/(2/(-4)). What is the highest common divisor of s and 1056?
22
Let l = -428 - -436. Suppose g = -3*x + 20, l*x - 12*x = 4*g - 40. Let j(o) = 54*o**2 - o. Let u be j(-1). What is the greatest common divisor of g and u?
5
Let u(r) = 329*r**2 - 280*r + 544. Let p be u(2). What is the highest common divisor of 52 and p?
52
Suppose -4*o + 0*o = -180. Let b be -3 + (2 - -29) + 60/(-12) + 7. What is the highest common divisor of b and o?
15
Let y = 53 - 50. Let t(l) = 43 - 10 - y*l + 3 + 7. Let w be t(11). Calculate the greatest common factor of 10 and w.
10
Suppose 0 = 5*h - 4*d - 47, -4*h + 5*d = -7*h + 43. Let i = 1698 + -1687. What is the greatest common factor of h and i?
11
Let a(z) = 1998*z - 6724. Let o be a(5). Calculate the greatest common factor of o and 568.
142
Suppose 4*p + 5*a - 3*a = -1390, -5*a + 15 = 0. Let x = 351 + p. Calculate the greatest common divisor of x and 86.
2
Let h be (26/(-91))/(5/140) + 149/1. Calculate the greatest common divisor of 3102 and h.
141
Suppose -3907 = 8*a + 21. Let y = a + 1191. What is the greatest common factor of y and 28?
28
Let t = -212 + 326. Suppose -3*c = 5*m - 956, -3*c = 4*m - t - 652. Calculate the greatest common factor of 10 and m.
10
Let k = -169 - -64. Let g = 168 + k. What is the greatest common divisor of g and 18?
9
Let r(z) = 2*z**2 + 73*z + 36. Let y be r(-36). Suppose 4*s + 5*d - 898 = y, 660 = 3*s - 2*d - d. What is the greatest common factor of 6 and s?
6
Suppose -5*w = 4*m - 38, 2*m - 2 = 2. Suppose 0 = w*z - 9*z + 36. What is the greatest common divisor of z and 120?
12
Let y(q) = 10*q + 172. Let c be y(-17). Suppose 3*l = c*r + 1170, -5*l + 1746 + 204 = -r. What is the greatest common divisor of l and 234?
78
Suppose y - 23*y = 0. Suppose y = -21*h - 1052 + 7520. Calculate the highest common divisor of 7 and h.
7
Suppose j = 2*b, -13*j + 3*b = -10*j + 9. Let g(y) = 27*y + 169. Let p be g(j). What is the greatest common divisor of 35 and p?
7
Suppose -8*c + 12*c + 23*c - 3213 = 0. Let t(u) = 4*u**3 + u**2 - 2*u + 2. Let r be t(2). What is the greatest common divisor of r and c?
17
Let p be ((-46)/6)/((-196)/96 + 2). Let a = 109 - p. Let k = 109 + a. What is the greatest common factor of k and 2?
2
Suppose 12*g + 3*g - 5175 = 0. Let u = g - 284. Calculate the highest common divisor of 61 and u.
61
Suppose 117 + 216 = 3*p. Let v(b) = 2*b + 5*b - 3*b + 72*b**2 + 8 - 10. Let u be v(1). What is the greatest common divisor of p and u?
37
Suppose 228 = -3*q + 240. Let g be (2 - 90)/((-2)/q). What is the highest common factor of g and 16?
16
Let g(s) = 24*s**3 - 6*s**2 + 5*s - 10. Let z be g(6). Calculate the greatest common divisor of z and 348.
116
Suppose 0 = 53*h - 56*h + 1908. Let r = -630 + h. Calculate the highest common factor of r and 642.
6
Suppose 2*k + 2*k = 8. Let y = -15 - 1. Let v = k - y. What is the greatest common divisor of v and 9?
9
Let x be 2/(-16) + (-242520)/(-2752). What is the greatest common divisor of x and 164?
4
Let z be 3/8 + -4*21/(-32). Let f(j) = -j + 11. Let v be f(-13). What is the highest common factor of v and z?
3
Let t = 5347 + -5343. What is the highest common divisor of t and 1236?
4
Let k be ((0 - 7) + 2)*(-3)/(-3). Let b = -10 - k. Let l be ((-27)/3)/3*b. What is the greatest common divisor of 10 and l?
5
Suppose -10*h - 5*h + 677 + 4978 = 0. Calculate the highest common divisor of 1073 and h.
29
Suppose -26*b - 7*b + 10032 = 0. Let q = b + -142. What is the greatest common factor of q and 6?
6
Let u(r) = -5*r - 7. Let q be u(-6). Let t = -1375 - -1435. Suppose t*f - 43*f = 1564. Calculate the highest common divisor of f and q.
23
Let p(f) = 5*f**2 + 74*f - 5. Let b be p(-15). What is the highest common divisor of b and 1455?
5
Let b be 11772/405 + (-3)/45. Suppose -b*i + 27*i + 570 = 0. Calculate the highest common divisor of 57 and i.
57
Let g be -5 + 0 + 9/(-18)*6. Let d be g - (8 - (66 - 4)). What is the greatest common divisor of d and 46?
46
Suppose 4 = -4*g, -2267 = 4*s + 2*g - 561. Let x = -150 - s. Calculate the greatest common factor of 12 and x.
12
Let o(u) = -3*u + 17. Let z be o(7). Let f be 9 - ((-1 - 0) + 0/z). Let p = 253 + -143. Calculate the greatest common divisor of p and f.
10
Suppose 0 = -401*y + 522*y - 5808. Calculate the greatest common factor of 4716 and y.
12
Let a = 5877 - 5691. Calculate the greatest common factor of 1333 and a.
31
Let o be 2947 - (-19 + 2 - 4). What is the greatest common divisor of 168 and o?
56
Suppose -u + 3334 = 4*y, -49*u + 45*u + 1660 = 2*y. What is the greatest common factor of y and 3614?
278
Let a be (((-3)/2)/(-3))/((-3)/12). Let l be -1*969/9 - a/(-6). Let x be (3 - 1)/((-9)/l). What is the highest common factor of 12 and x?
12
Let m be 2/10 + 2120/(-100). Suppose -4*s + x - 10 = 26, -2*s - 36 = -5*x. Let k be -1*(m - (s - -4)). What is the greatest common divisor of 17 and k?
17
Suppose 0 = -o + 9*n - 12*n + 2072, -4*n - 10322 = -5*o. What is the highest common factor of 4 and o?
2
Let w = -83 + 87. Suppose -3*d - 8*k = -3*k - 1117, -2*d + w*k = -752. Calculate the highest common divisor of 22 and d.
22
Let a = 17129 - 16985. Calculate the greatest common divisor of 100 and a.
4
Let r(k) = -k**3 - 3*k**2 + 10*k + 53. Let l be r(-4). Suppose -l*q - 326 = -2066. What is the greatest common factor of q and 60?
60
Suppose a + 183 = -0*a - 2*w, -739 = 4*a + w. Let l = -659 + 400. Let b = a - l. Calculate the highest common divisor of b and 111.
37
Let w be ((-56)/(-21) - 0)*6/4. Let l be -3 + 11/w + 5397/84. What is the greatest common divisor of 1216 and l?
64
Let h be -4 + 3 + 3 + 102. Suppose 20*f = 12*f + 112. Let s(y) = y**2 - 11*y - 29. Let x be s(f). Calculate the greatest common divisor of x and h.
13
Let l = -16 - -19. Suppose -2*i = -2*o - 120, 7*i - 241 = 3*i + l*o. Let g = i + -31. Calculate the highest common factor of g and 330.
30
Suppose 0 = n - 5*o - 26 + 1, 5 = 4*n - o. Suppose f = -5*l + 163, 2*f = -n*f + 3*l + 274. What is the highest common divisor of 130 and f?
13
Suppose -30*u + 7236 = -16374. Let s = -651 + u. Calculate the greatest common factor of s and 32.
8
Suppose 780*l = 745*l + 7175. What is the greatest common divisor of l and 16195?
205
Let b be 8/3*66/4. Let h be (-27 - -23) + 0 + b/2. Suppose 0 = -5*q + 15, 2*s + 2*s + 1 = 3*q. What is the highest common factor of h and s?
2
Let v be 8 - 5/(50/(-8))*-5. Suppose 0 = -2*x - 2*g + v*g - 512, -2*x - 3*g - 512 = 0. Let o = 491 + x. What is the highest common factor of 94 and o?
47
Suppose -9*v + 14*v - 477 = -2*i, 3*i + 354 = 4*v. What is the highest common divisor of 1550 and v?
31
Suppose -2*x - 2*x - 32 = -5*q, -5*q + 36 = -2*x. Let v = 276412 - 276028. What is the highest common factor of q and v?
8
Let r(m) = m**2 + 16*m + 18. Let k be r(-9). Let g = -222 + 169. Let z = k - g. What is the greatest common factor of z and 88?
8
Suppose -5*n = 4*q - 130, n - 140 = -5*q + 6*n. Suppose -q = -4*h + 2*g, g + 7 = -4*h + 40. Calculate the highest common divisor of h and 136.
8
Suppose -24*a - 36*a + 41*a = -3192. What is the highest common factor of 2296 and a?
56
Let u be 3976/20 + (-5)/(-25). Let g = -101 + u. Suppose -4*v - 2*f = f - 159, -3*v + 2*f + g = 0. Calculate the highest common factor of 4 and v.
4
Suppose -7*x = -6*x - u - 1556, -2*x + 3*u + 3109 = 0. Suppose 0 = -4*q + s + x, 5*s - 179 = -q + 216. What is the highest common factor of 90 and q?
30
Let f be 171*4/(-16)*-12. Let a = f - 306. What is the highest common divisor of 69 and a?
69
Let o(c) be the first derivative of 3*c**2/2 - 11*c + 3. Let l be o(3). Let w be 163 - -1 - (-4)/l. Calculate the highest common divisor of w and 18.
18
Suppose d + 25 = 2*d. Suppose -8*k + d = -7. Suppose -4*f - 4*u = -0*f - 548, k*f - 5*u - 539 = 0. Calculate the greatest common divisor of f and 34.
34
Let p(d) = 5*d**2 - 36*d + 96. Let i be p(4). What is the greatest common factor of 768 and i?
32
Suppose -w + d + 40 = 0, -d = -5*w + 6*w - 40. Suppose 0*a = 3*f - a - 106, 2*f + a = 74. Let q = w - f. Calculate the highest common divisor of 1 and q.
1
Let c be (3/1*1